0
Let n be (-50)/(-4) + (-9)/18. Let v be 19228/138 - 42 - (-4)/(-3). Calculate the greatest common divisor of n and v.
12
Let g = 14 + -4. Let h(l) = -l**3 - 3*l**2 + 2*l + 2. Suppose 0 = 8*w + 1 + 31. Let x be h(w). Calculate the greatest common divisor of x and g.
10
Suppose -4*q + 2*c = 410 + 110, 0 = 3*q + 5*c + 416. Let l = -80 - q. Let j(b) = 2*b**2 + 6*b + 3. Let g be j(-6). What is the highest common factor of l and g?
13
Suppose 39*p + 22*p - 8967 = 0. Calculate the highest common divisor of p and 5817.
21
Let v be 18*(-3)/(-15)*5/3. Let m = v + 9. Suppose 157 - 22 = m*k. What is the highest common divisor of k and 3?
3
Let q be (17 - (-1866)/12) + (1 - 12/8). Calculate the highest common divisor of 41108 and q.
172
Suppose 2888*a + 4860 = 2892*a. Let h be (6 - 3)/((-3)/(-45)). Calculate the highest common divisor of a and h.
45
Let a(s) be the second derivative of 0 - 27*s - 1/2*s**2 + 1/6*s**3 + 1/12*s**4 + 1/10*s**5. Let z be a(1). What is the highest common divisor of 15 and z?
3
Let o(n) = -8 - 5*n + 5*n**2 - 3*n**2 + 7*n. Let m be o(6). Let q = 5369 + -5179. Calculate the greatest common factor of q and m.
38
Let w(b) = -422 + 402 + 0*b**2 + 5*b**2. Let p be w(4). Calculate the greatest common divisor of p and 20.
20
Suppose -2*u = 4*x - 3*u + 43, -2*u = 10. Let h be (37 + 0)*(-24)/x. Suppose 2*q - h = 34. What is the greatest common factor of 18 and q?
18
Suppose -g - 3*f + 60 = 0, -g + 29 + 32 = 4*f. What is the highest common factor of g and 15?
3
Let p = 20583 + -18626. Calculate the greatest common divisor of p and 19.
19
Let k = 322 - 318. Suppose 5*q = k*r + 321, -q - 2*q - r = -196. Calculate the highest common factor of 260 and q.
65
Let r(x) be the first derivative of -x**4/2 - 2*x**3 + 9*x**2 - 2*x + 7. Let l be r(-5). Calculate the highest common factor of l and 44.
4
Let k be 0/6 + -25 - 2. Let a be 1*(0 - 0) - (k + 5). Suppose 198 = -2*o + 3*o. What is the greatest common divisor of o and a?
22
Suppose 2023*t - 500 = 1998*t. Calculate the highest common divisor of 9 and t.
1
Let k(j) = 15*j**2 - 71*j - 390. Let z be k(-6). Calculate the highest common factor of z and 27.
9
Suppose -3*l + 9 = -29 - 4. What is the greatest common factor of l and 10087?
7
Let w be ((-56)/(-18) - (-2)/(-18)) + 1 + 620. Calculate the greatest common divisor of w and 168.
24
Suppose 4*h + 1756 = 4*b, -3*h + 3*b = -b + 1320. Let c = h + 490. What is the highest common divisor of c and 432?
54
Let y be (-88)/(-4) + ((-28)/(-8) - 24/16). What is the highest common factor of y and 420?
12
Suppose 0 = -5*h - 4*h - 1539. Let c be (h/270 - (-4)/30)*-30. Calculate the highest common divisor of 135 and c.
15
Suppose -4 = -h + 8. Suppose -p = 5*i - 0*p + h, -p = -3*i - 4. Let f be (2*26/12)/(i/(-6)). Calculate the greatest common divisor of 221 and f.
13
Suppose -10*q = 24 - 574. Suppose 50*l + 70 = q*l. Let v be 1 - 0/(-2) - -34. Calculate the greatest common factor of v and l.
7
Let f = 25 - 21. Suppose 2*r - 4*q - 10 = 0, 3 = -f*q + 23. Let b(k) = -74*k + 17. Let j be b(-2). Calculate the highest common factor of r and j.
15
Let q be ((-1272)/(-60))/((-2)/(-10)). Suppose 29*d + 5*d = 4181 + 1225. What is the greatest common factor of q and d?
53
Suppose -6 + 3 = i. Let o be -3*(i + 2) - 0. Suppose 2*u = 3*x - 44 - 2, u - 31 = -o*x. Calculate the highest common divisor of x and 6.
6
Let o be 40364/15 + (-140)/(-2100). Calculate the greatest common factor of 253 and o.
23
Let w = -293 - -383. Let t = 206 - w. What is the highest common divisor of 290 and t?
58
Let h = 10 + -6. Suppose -2*v = -5*o + 92, 0 = v + h*v + 5. What is the greatest common divisor of 12 and o?
6
Suppose 2410 = j - 5*n, j - 3*n = 3670 - 1256. What is the highest common factor of 80 and j?
20
Let y be ((-21)/(-7) - -3) + -5. Let q be ((y - 19) + -1)*(19 + -21). What is the greatest common divisor of 19 and q?
19
Suppose -54520 = -56*t - 14480. What is the highest common factor of 260 and t?
65
Let h be (187 + -118)*2/2. Suppose 2*b - 24 = -5*v, b = -5*v + 6*b + 10. Let n be (v - 0) + 0 + 42. What is the highest common divisor of n and h?
23
Let z = 849 + -817. Suppose 3*b + 2*b = -5*a + 1505, 5*a - 3*b - 1529 = 0. What is the greatest common factor of a and z?
16
Let g = 3477 - 2052. Calculate the greatest common factor of g and 300.
75
Let m(b) = 17*b**3 + 3*b**2 + 6*b - 5. Let w be m(4). Let p be 18*(-1 + 20/15). Suppose -p*t = -13*t + w. What is the greatest common divisor of 15 and t?
15
Suppose 9*c + 178 = -2. Let l = -15 - c. Let j be 33 + (4 - 5/l). Calculate the highest common factor of j and 36.
36
Let r be 454/10 + 10/((-300)/(-18)). Let y(k) = 4*k**2 - 16*k - 59. Let j be y(-4). What is the highest common factor of r and j?
23
Let p(g) = -4*g**2 - 75*g + 16. Let a be p(-19). Let l be (a/(-3))/((-3)/(-129)). Calculate the highest common divisor of 301 and l.
43
Suppose g - 18*n - 106 = -7*n, -4*g + 522 = 5*n. What is the highest common divisor of g and 12800?
128
Suppose -2 + 11 = 3*p. Suppose -p*y = -5*y + 240. Suppose -5 = 3*i - 11, -4*q - 4*i + 200 = 0. What is the highest common factor of q and y?
24
Let g be ((-252)/(-15) - 9)*(2 + -1 + 4). What is the greatest common factor of g and 2366?
13
Suppose -32*a + 143 + 113 = 0. Suppose -a*z + 61 = 13. Calculate the greatest common divisor of z and 66.
6
Suppose 73*o - 4*z = 69*o + 56, 4*o = -5*z + 56. Calculate the highest common divisor of 74466 and o.
14
Let w(i) = 88*i**2 + 49*i - 97. Let a be w(4). Calculate the highest common factor of 685 and a.
137
Suppose 0 = s - 3*l - 3, -3*s - 3*l + 5 = 20. Suppose x - r = 1, -2*x + 1 = 4*r - 31. Let j be ((-11)/2)/(s/x). What is the highest common divisor of j and 1?
1
Let g be 2 - (2 + 2) - -178. Suppose 39*o + 36*o - 74*o = 16. What is the greatest common divisor of o and g?
16
Let x be (-1)/(-3)*(2770 + -232). What is the highest common divisor of x and 470?
94
Suppose -1908 - 3415 = -77*r + 1222. What is the greatest common divisor of r and 80?
5
Let z(k) = 280*k - 1817. Let d be z(9). What is the greatest common divisor of 57 and d?
19
Let j(o) = 2*o**2 + 28*o + 2. Let w be j(-14). What is the greatest common factor of w and 673?
1
Let x = 1550 - 1548. Suppose -3*l - 1 = -4*l, 0 = -4*r - x*l + 186. Let j(a) = 47*a**2 - a - 2. Let s be j(2). Calculate the highest common divisor of s and r.
46
Let d = 62 - 75. Let s be 16/104 + (0 - 284/d). Calculate the greatest common factor of 11 and s.
11
Let j(l) = -2*l**3 + 10*l**2 - 30*l - 442. Let m be j(-9). Calculate the highest common factor of 104 and m.
8
Let f(i) = i**3 + 8*i**2 - 13*i - 36. Let c be f(-9). Suppose 9*m - 11*m - 126 = c. Let y be ((-108)/21)/(6/m). What is the greatest common divisor of y and 54?
54
Let r = -263 + 269. Suppose 2*j - 5*m = -3, 2*j + 0*j = 2*m + r. Suppose -2*k = -4*g + 23 + 45, -27 = -g + 3*k. Calculate the highest common factor of j and g.
3
Let u(k) = 9 - 1169*k + 1162*k - 27. Let w(a) = -a**2 + 13*a - 18. Let l be w(12). Let z be u(l). Calculate the highest common factor of 16 and z.
8
Suppose -3*a = 2*n - 298, a - 31 = 4*n + 59. Suppose 2*q = -5*q + a. Let s = q + -4. Calculate the highest common divisor of s and 6.
2
Suppose 0 = -36*q + 1943 + 244 + 2169. Calculate the highest common factor of 11 and q.
11
Let v = -7534 - -7599. Calculate the highest common divisor of v and 520.
65
Let n(c) = -126*c**2 + 2270*c - 30. Let y be n(18). Suppose 3*b - 447 = -5*j, -3*j + 0*j + 249 = -3*b. Calculate the greatest common factor of j and y.
3
Suppose 0 = -u - 0 + 1, -2*n - 2*u - 118 = 0. Let d be n/90 - (478/(-6) + -1). Calculate the highest common divisor of d and 50.
10
Suppose 0 = -4*l + 5*s + 1476, 0 = 5*l - s - 336 - 1488. What is the highest common divisor of l and 476?
28
Suppose 164368 = 73*s + 51*s - 243344. Calculate the greatest common factor of 48 and s.
24
Let q(h) = -h**3 + 44*h**2 + 301*h - 8. Let j be q(50). Calculate the highest common factor of 581 and j.
7
Let l = 339 + -75. Let z be (80/30 - 2)/(8/396). Calculate the highest common factor of l and z.
33
Let q(l) = 2*l**3 - 53*l**2 - 5*l - 105. Let d be q(28). Calculate the greatest common divisor of 49 and d.
49
Let c be (-2)/3*10/20*-36. What is the highest common factor of 152 and c?
4
Let o = -6068 + 6524. Calculate